{"id":703,"date":"2010-04-09T15:31:16","date_gmt":"2010-04-09T19:31:16","guid":{"rendered":"http:\/\/anthonyr.ca\/blog\/?page_id=703"},"modified":"2025-09-05T16:34:31","modified_gmt":"2025-09-05T20:34:31","slug":"albums-cartes-remerciements","status":"publish","type":"page","link":"https:\/\/anthonyr.ca\/blog\/albums-cartes-remerciements\/","title":{"rendered":"Produits"},"content":{"rendered":"<p><strong>Livre de fian\u00e7ailles\u00a0<\/strong><br \/>\nCet album contient les photos de votre s\u00e9ance de fian\u00e7ailles. Il est livr\u00e9 avec une superbe pochette en velour. Ce magnifique album peut aussi servir de livre d&#8217;invit\u00e9s. Des pages sont laiss\u00e9es blanches pour permettre \u00e0 vos invit\u00e9s d&#8217;y apposer quelques mots durant la r\u00e9ception.<br \/>\n<strong>Engagement Book<\/strong><br \/>\nThis awesome album is made with photos from your engagement session. It&#8217;s a fabulous way to showcase your engagement photos and share them with your guests on your wedding day. It comes with a sumptuous boutique bag. This press printed book can be a gorgeous portrait album or a cool guest book designed with white space for guests to sign.<br \/>\n<a href=\"http:\/\/anthonyr.ca\/blog\/albums-cartes-remerciements\/attachment\/boutique-bag-2\/\" rel=\"attachment wp-att-1364\"><img loading=\"lazy\" decoding=\"async\" class=\"alignnone size-full wp-image-1364\" title=\"Boutique-Bag\" src=\"http:\/\/anthonyr.ca\/blog\/wp-content\/uploads\/2010\/04\/Boutique-Bag1.jpg\" alt=\"Boutique Bag with velvet pattern\" width=\"970\" height=\"647\" srcset=\"https:\/\/anthonyr.ca\/blog\/wp-content\/uploads\/2010\/04\/Boutique-Bag1.jpg 970w, https:\/\/anthonyr.ca\/blog\/wp-content\/uploads\/2010\/04\/Boutique-Bag1-150x100.jpg 150w\" sizes=\"auto, (max-width: 970px) 100vw, 970px\" \/><\/a><\/p>\n<p><a href=\"http:\/\/anthonyr.ca\/blog\/albums-cartes-remerciements\/attachment\/guest-book-wedding\/\" rel=\"attachment wp-att-2592\"><img loading=\"lazy\" decoding=\"async\" class=\"alignnone size-full wp-image-2592\" title=\"guest-book-wedding\" src=\"http:\/\/anthonyr.ca\/blog\/wp-content\/uploads\/2010\/04\/guest-book-wedding.jpg\" alt=\"White press printed guest book with matching DVD case.\" width=\"970\" height=\"647\" srcset=\"https:\/\/anthonyr.ca\/blog\/wp-content\/uploads\/2010\/04\/guest-book-wedding.jpg 970w, https:\/\/anthonyr.ca\/blog\/wp-content\/uploads\/2010\/04\/guest-book-wedding-150x100.jpg 150w\" sizes=\"auto, (max-width: 970px) 100vw, 970px\" \/><\/a><\/p>\n<p><a href=\"http:\/\/anthonyr.ca\/blog\/albums-cartes-remerciements\/attachment\/recycled-paper\/\" rel=\"attachment wp-att-1367\"><img loading=\"lazy\" decoding=\"async\" class=\"alignnone size-full wp-image-1367\" title=\"Recycled-Paper\" src=\"http:\/\/anthonyr.ca\/blog\/wp-content\/uploads\/2010\/04\/Recycled-Paper.jpg\" alt=\"Open guest book with couple name\" width=\"970\" height=\"494\" srcset=\"https:\/\/anthonyr.ca\/blog\/wp-content\/uploads\/2010\/04\/Recycled-Paper.jpg 970w, https:\/\/anthonyr.ca\/blog\/wp-content\/uploads\/2010\/04\/Recycled-Paper-150x76.jpg 150w\" sizes=\"auto, (max-width: 970px) 100vw, 970px\" \/><\/a><\/p>\n<p><strong>Cartes de remerciements <\/strong><br \/>\nCes magnifiques cartes sont imprim\u00e9es recto-verso sur un carton haut de gamme. Optez pour un papier \u00e9cologique fait \u00e0 100% de mati\u00e8res recycl\u00e9es post-consommation ou choisissez l&#8217;un des superbes papiers d&#8217;artistes (lin, bambou ou aquarelle). Les cartes sont livr\u00e9es avec des enveloppes luxueuses et des \u00e9tiquettes de retour.<br \/>\n<strong>Save the Date and Thank You Cards<\/strong><br \/>\nAnnounce your big day or send a thank you note with these custom designed cards ! These beautiful cards are press printed on high quality linen, watercolor or bamboo paper. These fine art papers are respectively 0.34mm, 0.35mm and 0.41mm thick. An eco-friendly recycled paper made with 100% post-consumer waste is also available. They are printed on both sides and come with premium envelopes and matching return address labels.<br \/>\n<a href=\"http:\/\/anthonyr.ca\/blog\/albums-cartes-remerciements\/attachment\/thank-you-cards-01\/\" rel=\"attachment wp-att-1379\"><img loading=\"lazy\" decoding=\"async\" class=\"alignnone size-full wp-image-1379\" title=\"thank-you-cards-01\" src=\"http:\/\/anthonyr.ca\/blog\/wp-content\/uploads\/2010\/04\/thank-you-cards-01.jpg\" alt=\"Wedding thank you card with white envelope\" width=\"970\" height=\"647\" srcset=\"https:\/\/anthonyr.ca\/blog\/wp-content\/uploads\/2010\/04\/thank-you-cards-01.jpg 970w, https:\/\/anthonyr.ca\/blog\/wp-content\/uploads\/2010\/04\/thank-you-cards-01-150x100.jpg 150w\" sizes=\"auto, (max-width: 970px) 100vw, 970px\" \/><\/a><\/p>\n<p><a href=\"http:\/\/anthonyr.ca\/blog\/albums-cartes-remerciements\/attachment\/thank-you-cards-03\/\" rel=\"attachment wp-att-1383\"><img loading=\"lazy\" decoding=\"async\" class=\"alignnone size-full wp-image-1383\" title=\"thank-you-cards-03\" src=\"http:\/\/anthonyr.ca\/blog\/wp-content\/uploads\/2010\/04\/thank-you-cards-03.jpg\" alt=\"Fine art linen thank you card\" width=\"970\" height=\"647\" srcset=\"https:\/\/anthonyr.ca\/blog\/wp-content\/uploads\/2010\/04\/thank-you-cards-03.jpg 970w, https:\/\/anthonyr.ca\/blog\/wp-content\/uploads\/2010\/04\/thank-you-cards-03-150x100.jpg 150w\" sizes=\"auto, (max-width: 970px) 100vw, 970px\" \/><\/a><br \/>\nDie-Cut Save the Date card printed on bamboo paper with white linen envelope.<br \/>\n<a href=\"http:\/\/anthonyr.ca\/blog\/albums-cartes-remerciements\/attachment\/save-the-date-card\/\" rel=\"attachment wp-att-3778\"><img loading=\"lazy\" decoding=\"async\" class=\"alignnone size-full wp-image-3778\" src=\"http:\/\/anthonyr.ca\/blog\/wp-content\/uploads\/2010\/04\/save-the-date-card.jpg\" alt=\"Creative Save the Date card.\" width=\"970\" height=\"516\" srcset=\"https:\/\/anthonyr.ca\/blog\/wp-content\/uploads\/2010\/04\/save-the-date-card.jpg 970w, https:\/\/anthonyr.ca\/blog\/wp-content\/uploads\/2010\/04\/save-the-date-card-150x79.jpg 150w, https:\/\/anthonyr.ca\/blog\/wp-content\/uploads\/2010\/04\/save-the-date-card-900x478.jpg 900w\" sizes=\"auto, (max-width: 970px) 100vw, 970px\" \/><\/a><br \/>\nChoose among seven square flap envelopes.<br \/>\n<a href=\"http:\/\/anthonyr.ca\/blog\/albums-cartes-remerciements\/attachment\/square-flap-envelopes\/\" rel=\"attachment wp-att-3763\"><img loading=\"lazy\" decoding=\"async\" class=\"alignnone size-full wp-image-3763\" src=\"http:\/\/anthonyr.ca\/blog\/wp-content\/uploads\/2010\/04\/square-flap-envelopes.jpg\" alt=\"Wedding stationery.\" width=\"970\" height=\"425\" srcset=\"https:\/\/anthonyr.ca\/blog\/wp-content\/uploads\/2010\/04\/square-flap-envelopes.jpg 970w, https:\/\/anthonyr.ca\/blog\/wp-content\/uploads\/2010\/04\/square-flap-envelopes-150x65.jpg 150w, https:\/\/anthonyr.ca\/blog\/wp-content\/uploads\/2010\/04\/square-flap-envelopes-900x394.jpg 900w\" sizes=\"auto, (max-width: 970px) 100vw, 970px\" \/><\/a><br \/>\nFrom left to right: bronze, steel, maroon, olive, craft, cream and white.<\/p>\n<p><strong>Album flush mount<\/strong><br \/>\nLes\u00a0images sont imprim\u00e9es sur du v\u00e9ritable papier photo de\u00a0qualit\u00e9 archive. Le papier est ensuite pli\u00e9 et coll\u00e9 sur des pages minces et rigides. Le principal avantage de l&#8217;album magazine est d\u2019avoir le plein contr\u00f4le sur la\u00a0mise en page.\u00a0Il n\u2019y a aucun\u00a0passe-partout, aucune\u00a0bordure et les albums ouvrent \u00e0 plat, \u00e9vitant ainsi de\u00a0perdre une partie de l\u2019image dans le pli au\u00a0centre de l\u2019album. Autre avantage notable, vous pouvez offrir \u00e0 vos parents un magnifique cadeau: une reproduction identique de votre album en format r\u00e9duit ! L\u2019album peut contenir entre 30 et 80 pages. Vous pouvez l&#8217;obtenir en format carr\u00e9, vertical ou panoramique. Le couvert est offert en huit couleurs de cuir v\u00e9ritable, et vous avez l&#8217;option d&#8217;embosser vos noms et la date de votre mariage.<br \/>\n<strong>Flush Mount Album<\/strong><br \/>\nI truly believe that an album is the best medium to tell the story of your wedding day. It adds life, perspective and emotion to photos. I love clean, elegant and modern layouts, free from layered collages. Each album is unique and custom designed, as your wedding day. Our flush mount albums are printed with full panoramic Kodak Endura paper, with no gutter in the middle. With panoramic paper, images flow seamlessly across the fold, creating dramatic wedding albums.\u00a0The pages lay flat for the best viewing experience.\u00a0These albums can also feature a photowrap cover. The main feature album comes in 12&#215;12 and 11&#215;14 sizes. Smaller replicas for parents are available in 10&#215;10 and 8&#215;8 sizes. When I started this business, I wanted to offer albums at the cutting edge of design, look and feel. This is one of the products that really set me apart.<br \/>\n<a href=\"http:\/\/anthonyr.ca\/blog\/albums-cartes-remerciements\/attachment\/digital-flush-mount-album\/\" rel=\"attachment wp-att-1401\"><img loading=\"lazy\" decoding=\"async\" class=\"alignnone size-full wp-image-1401\" title=\"digital-flush-mount-album\" src=\"http:\/\/anthonyr.ca\/blog\/wp-content\/uploads\/2010\/04\/digital-flush-mount-album.jpg\" alt=\"Flush mount wedding album with black leather cover\" width=\"970\" height=\"556\" srcset=\"https:\/\/anthonyr.ca\/blog\/wp-content\/uploads\/2010\/04\/digital-flush-mount-album.jpg 970w, https:\/\/anthonyr.ca\/blog\/wp-content\/uploads\/2010\/04\/digital-flush-mount-album-150x85.jpg 150w\" sizes=\"auto, (max-width: 970px) 100vw, 970px\" \/><\/a><\/p>\n<p><a href=\"http:\/\/anthonyr.ca\/blog\/albums-cartes-remerciements\/attachment\/wedding-flush-mount-book\/\" rel=\"attachment wp-att-1407\"><img loading=\"lazy\" decoding=\"async\" class=\"alignnone size-full wp-image-1407\" title=\"wedding-flush-mount-book\" src=\"http:\/\/anthonyr.ca\/blog\/wp-content\/uploads\/2010\/04\/wedding-flush-mount-book.jpg\" alt=\"digital layout of wedding album\" width=\"970\" height=\"485\" srcset=\"https:\/\/anthonyr.ca\/blog\/wp-content\/uploads\/2010\/04\/wedding-flush-mount-book.jpg 970w, https:\/\/anthonyr.ca\/blog\/wp-content\/uploads\/2010\/04\/wedding-flush-mount-book-150x75.jpg 150w\" sizes=\"auto, (max-width: 970px) 100vw, 970px\" \/><\/a><\/p>\n<p><strong>Album avec passe-partout<\/strong>\u00a0| <strong>Chic\u00a0Matted Album<\/strong><br \/>\nThis is a high-end album featuring premium matted pages with protective edging and metal corners. The square spine gives this classic album a contemporary look.\u00a0The 13&#215;13 cover is made of high quality genuine leather. You can emboss your names on the front cover in any font you want.<br \/>\n<a href=\"http:\/\/anthonyr.ca\/blog\/albums-cartes-remerciements\/attachment\/modern-matted-album\/\" rel=\"attachment wp-att-2666\"><img loading=\"lazy\" decoding=\"async\" class=\"alignnone size-full wp-image-2666\" title=\"modern-matted-album\" src=\"http:\/\/anthonyr.ca\/blog\/wp-content\/uploads\/2010\/04\/modern-matted-album.jpg\" alt=\"High-end matted album for sophisticated bride.\" width=\"970\" height=\"572\" srcset=\"https:\/\/anthonyr.ca\/blog\/wp-content\/uploads\/2010\/04\/modern-matted-album.jpg 970w, https:\/\/anthonyr.ca\/blog\/wp-content\/uploads\/2010\/04\/modern-matted-album-150x88.jpg 150w\" sizes=\"auto, (max-width: 970px) 100vw, 970px\" \/><\/a><\/p>\n<p><a href=\"http:\/\/anthonyr.ca\/blog\/albums-cartes-remerciements\/attachment\/album-double-mats-2\/\" rel=\"attachment wp-att-1868\"><img loading=\"lazy\" decoding=\"async\" class=\"alignnone size-full wp-image-1868\" title=\"album-double-mats\" src=\"http:\/\/anthonyr.ca\/blog\/wp-content\/uploads\/2010\/04\/album-double-mats.jpg\" alt=\"Awesome wedding album in genuine leather with double mats\" width=\"970\" height=\"451\" srcset=\"https:\/\/anthonyr.ca\/blog\/wp-content\/uploads\/2010\/04\/album-double-mats.jpg 970w, https:\/\/anthonyr.ca\/blog\/wp-content\/uploads\/2010\/04\/album-double-mats-150x69.jpg 150w\" sizes=\"auto, (max-width: 970px) 100vw, 970px\" \/><\/a><\/p>\n<p><strong>Tirages jet d&#8217;encre sur canevas<\/strong><br \/>\nCes tirages de qualit\u00e9 mus\u00e9ale sont mont\u00e9s sur un cadre en bois.<br \/>\n<strong>Gallery-Wrapped Canvas Prints <\/strong><br \/>\nThis product is a must-have, whether you plan to display it in your living room or at your wedding reception. It is also a perfect thank-you gift for parents ! Fine art gicl\u00e9e canvas prints are printed directly onto museum quality canvas material using high quality archival inks. The image is then mounted around the edges of a wooden frame to create a stunning display.\u00a0Gallery wraps are available in any custom size up to 5 feet wide ! They arrive ready-to-hang with a sawtooth hanger attached to the back. A frameless canvas gives a modern, minimalist look. For a traditional look with a modern twist, you can add a floating frame. This handcrafted solid wood frame leaves a 1\/2 inch space between the canvas and the edge of the frame to preserve the three dimensional look of the canvas.<br \/>\n<a href=\"http:\/\/anthonyr.ca\/blog\/albums-cartes-remerciements\/attachment\/tirage-canevas-5\/\" rel=\"attachment wp-att-1715\"><img loading=\"lazy\" decoding=\"async\" class=\"alignnone size-full wp-image-1715\" title=\"tirage-canevas\" src=\"http:\/\/anthonyr.ca\/blog\/wp-content\/uploads\/2010\/04\/tirage-canevas4.jpg\" alt=\"Impression artistique sur toile\" width=\"970\" height=\"647\" srcset=\"https:\/\/anthonyr.ca\/blog\/wp-content\/uploads\/2010\/04\/tirage-canevas4.jpg 970w, https:\/\/anthonyr.ca\/blog\/wp-content\/uploads\/2010\/04\/tirage-canevas4-150x100.jpg 150w\" sizes=\"auto, (max-width: 970px) 100vw, 970px\" \/><\/a><\/p>\n<p><strong>Carte-cadeau | Gift Certificate<\/strong><br \/>\nProcurez-vous une carte-cadeau au montant de votre choix. Les cartes sont livr\u00e9es par la poste.<br \/>\n<a href=\"http:\/\/anthonyr.ca\/blog\/albums-cartes-remerciements\/attachment\/cheque-cadeau\/\" rel=\"attachment wp-att-2372\"><img loading=\"lazy\" decoding=\"async\" class=\"alignnone size-full wp-image-2372\" title=\"cheque-cadeau\" src=\"http:\/\/anthonyr.ca\/blog\/wp-content\/uploads\/2010\/04\/cheque-cadeau.jpg\" alt=\"Photography Gift Card\" width=\"970\" height=\"612\" srcset=\"https:\/\/anthonyr.ca\/blog\/wp-content\/uploads\/2010\/04\/cheque-cadeau.jpg 970w, https:\/\/anthonyr.ca\/blog\/wp-content\/uploads\/2010\/04\/cheque-cadeau-150x94.jpg 150w\" sizes=\"auto, (max-width: 970px) 100vw, 970px\" \/><\/a><\/p>\n<p><strong>Photo Booth<\/strong><br \/>\nStudio mobile de 5 ou 9 pieds de largeur pour photographier vos invit\u00e9s individuellement ou en groupe. C&#8217;est le produit id\u00e9al pour avoir un souvenir de tous vos invit\u00e9s. Il est possible d&#8217;obtenir les photos le soir du mariage pour faire un diaporama.<br \/>\n<a href=\"http:\/\/anthonyr.ca\/blog\/albums-cartes-remerciements\/attachment\/photobooth\/\" rel=\"attachment wp-att-3708\"><img loading=\"lazy\" decoding=\"async\" class=\"alignnone size-full wp-image-3708\" src=\"http:\/\/anthonyr.ca\/blog\/wp-content\/uploads\/2010\/04\/photobooth.jpg\" alt=\"Photo Booth pour mariage.\" width=\"970\" height=\"647\" srcset=\"https:\/\/anthonyr.ca\/blog\/wp-content\/uploads\/2010\/04\/photobooth.jpg 970w, https:\/\/anthonyr.ca\/blog\/wp-content\/uploads\/2010\/04\/photobooth-150x100.jpg 150w, https:\/\/anthonyr.ca\/blog\/wp-content\/uploads\/2010\/04\/photobooth-900x600.jpg 900w\" sizes=\"auto, (max-width: 970px) 100vw, 970px\" \/><\/a><br \/>\n<a href=\"http:\/\/anthonyr.ca\/blog\/albums-cartes-remerciements\/attachment\/photo-booth-wedding\/\" rel=\"attachment wp-att-3962\"><img loading=\"lazy\" decoding=\"async\" class=\"alignnone size-full wp-image-3962\" src=\"http:\/\/anthonyr.ca\/blog\/wp-content\/uploads\/2010\/04\/photo-booth-wedding.jpg\" alt=\"Photo Booth avec accessoires durant une r\u00e9ception de mariage.\" width=\"970\" height=\"657\" srcset=\"https:\/\/anthonyr.ca\/blog\/wp-content\/uploads\/2010\/04\/photo-booth-wedding.jpg 970w, https:\/\/anthonyr.ca\/blog\/wp-content\/uploads\/2010\/04\/photo-booth-wedding-150x101.jpg 150w, https:\/\/anthonyr.ca\/blog\/wp-content\/uploads\/2010\/04\/photo-booth-wedding-900x609.jpg 900w\" sizes=\"auto, (max-width: 970px) 100vw, 970px\" \/><\/a><br \/>\n<a href=\"http:\/\/anthonyr.ca\/blog\/albums-cartes-remerciements\/attachment\/custom-backdrop\/\" rel=\"attachment wp-att-4268\"><img loading=\"lazy\" decoding=\"async\" src=\"http:\/\/anthonyr.ca\/blog\/wp-content\/uploads\/2010\/04\/custom-backdrop.jpg\" alt=\"Outdoor photo booth.\" width=\"970\" height=\"660\" class=\"alignnone size-full wp-image-4268\" srcset=\"https:\/\/anthonyr.ca\/blog\/wp-content\/uploads\/2010\/04\/custom-backdrop.jpg 970w, https:\/\/anthonyr.ca\/blog\/wp-content\/uploads\/2010\/04\/custom-backdrop-150x102.jpg 150w, https:\/\/anthonyr.ca\/blog\/wp-content\/uploads\/2010\/04\/custom-backdrop-900x612.jpg 900w\" sizes=\"auto, (max-width: 970px) 100vw, 970px\" \/><\/a><br \/>\nCr\u00e9dit photo: St\u00e9phanie Gilbert<\/p>\n","protected":false},"excerpt":{"rendered":"<p>Livre de fian\u00e7ailles\u00a0 Cet album contient les photos de votre s\u00e9ance de fian\u00e7ailles. Il est livr\u00e9 avec une superbe pochette en velour. Ce magnifique album peut aussi servir de livre d&#8217;invit\u00e9s. Des pages sont laiss\u00e9es blanches pour permettre \u00e0 vos invit\u00e9s d&#8217;y apposer quelques mots durant la r\u00e9ception. Engagement Book This awesome album is made [&hellip;]<\/p>\n","protected":false},"author":1,"featured_media":0,"parent":0,"menu_order":0,"comment_status":"closed","ping_status":"open","template":"","meta":{"_monsterinsights_skip_tracking":false,"_monsterinsights_sitenote_active":false,"_monsterinsights_sitenote_note":"","_monsterinsights_sitenote_category":0,"footnotes":""},"class_list":["post-703","page","type-page","status-publish","hentry"],"_links":{"self":[{"href":"https:\/\/anthonyr.ca\/blog\/wp-json\/wp\/v2\/pages\/703","targetHints":{"allow":["GET"]}}],"collection":[{"href":"https:\/\/anthonyr.ca\/blog\/wp-json\/wp\/v2\/pages"}],"about":[{"href":"https:\/\/anthonyr.ca\/blog\/wp-json\/wp\/v2\/types\/page"}],"author":[{"embeddable":true,"href":"https:\/\/anthonyr.ca\/blog\/wp-json\/wp\/v2\/users\/1"}],"replies":[{"embeddable":true,"href":"https:\/\/anthonyr.ca\/blog\/wp-json\/wp\/v2\/comments?post=703"}],"version-history":[{"count":297,"href":"https:\/\/anthonyr.ca\/blog\/wp-json\/wp\/v2\/pages\/703\/revisions"}],"predecessor-version":[{"id":5260,"href":"https:\/\/anthonyr.ca\/blog\/wp-json\/wp\/v2\/pages\/703\/revisions\/5260"}],"wp:attachment":[{"href":"https:\/\/anthonyr.ca\/blog\/wp-json\/wp\/v2\/media?parent=703"}],"curies":[{"name":"wp","href":"https:\/\/api.w.org\/{rel}","templated":true}]}}